{"id":23,"date":"2019-01-07T07:21:59","date_gmt":"2019-01-07T07:21:59","guid":{"rendered":"http:\/\/frostav.cz\/?page_id=23"},"modified":"2020-07-13T08:32:56","modified_gmt":"2020-07-13T08:32:56","slug":"kontakt","status":"publish","type":"page","link":"https:\/\/frostav.cz\/?page_id=23","title":{"rendered":"Kontakt"},"content":{"rendered":"\n<h3><strong>Frostav s.r.o.<\/strong><\/h3>\n\n\n\n<p>kontaktn\u00ed adresa:<\/p>\n\n\n\n<p><a href=\"https:\/\/mapy.cz\/zakladni?x=14.1837465&amp;y=49.7950580&amp;z=17&amp;source=addr&amp;id=14000577\">Na Vyhl\u00eddce 2084, 263 01 Dob\u0159\u00ed\u0161<\/a><\/p>\n\n\n\n<p>s\u00eddlo spole\u010dnosti:<\/p>\n\n\n\n<p><a href=\"https:\/\/mapy.cz\/zakladni?x=15.8808637&amp;y=49.2056972&amp;z=17&amp;source=addr&amp;id=10807641\">Dru\u017estevn\u00ed 1229\/51, 674 01 T\u0159eb\u00ed\u010d<\/a><\/p>\n\n\n\n<div style=\"height:20px\" aria-hidden=\"true\" class=\"wp-block-spacer\"><\/div>\n\n\n\n<p>I\u010cO: 07744242<\/p>\n\n\n\n<p>DI\u010c: CZ07744242<\/p>\n\n\n\n<div style=\"height:20px\" aria-hidden=\"true\" class=\"wp-block-spacer\"><\/div>\n\n\n\n<p><strong>Pavel Roupec<\/strong><\/p>\n\n\n\n<p>email:      <a href=\"mailto:roupec@frostav.cz\">roupec@frostav.cz<\/a><\/p>\n\n\n\n<p>tel:            <a href=\"tel:739501602\">+420 739 501 602<\/a><\/p>\n\n\n\n<div class=\"wp-block-group\"><div class=\"wp-block-group__inner-container\">\n<hr class=\"wp-block-separator is-style-wide\"\/>\n<\/div><\/div>\n\n\n\n<p><strong>Kontaktn\u00ed formul\u00e1\u0159:<\/strong><\/p>\n\n\n\n<div role=\"form\" class=\"wpcf7\" id=\"wpcf7-f151-o1\" lang=\"cs-CZ\" dir=\"ltr\">\n<div class=\"screen-reader-response\"><p role=\"status\" aria-live=\"polite\" aria-atomic=\"true\"><\/p> <ul><\/ul><\/div>\n<form action=\"\/index.php?rest_route=%2Fwp%2Fv2%2Fpages%2F23#wpcf7-f151-o1\" method=\"post\" class=\"wpcf7-form init\" enctype=\"multipart\/form-data\" novalidate=\"novalidate\" data-status=\"init\">\n<div style=\"display: none;\">\n<input type=\"hidden\" name=\"_wpcf7\" value=\"151\" \/>\n<input type=\"hidden\" name=\"_wpcf7_version\" value=\"5.3.1\" \/>\n<input type=\"hidden\" name=\"_wpcf7_locale\" value=\"cs_CZ\" \/>\n<input type=\"hidden\" name=\"_wpcf7_unit_tag\" value=\"wpcf7-f151-o1\" \/>\n<input type=\"hidden\" name=\"_wpcf7_container_post\" value=\"0\" \/>\n<input type=\"hidden\" name=\"_wpcf7_posted_data_hash\" value=\"\" \/>\n<\/div>\n<p><span class=\"wpcf7-form-control-wrap your-name\"><input type=\"text\" name=\"your-name\" value=\"\" size=\"40\" class=\"wpcf7-form-control wpcf7-text wpcf7-validates-as-required\" aria-required=\"true\" aria-invalid=\"false\" placeholder=\"Va\u0161e jm\u00e9no\" \/><\/span><\/p>\n<p><span class=\"wpcf7-form-control-wrap your-email\"><input type=\"email\" name=\"your-email\" value=\"\" size=\"40\" class=\"wpcf7-form-control wpcf7-text wpcf7-email wpcf7-validates-as-required wpcf7-validates-as-email\" aria-required=\"true\" aria-invalid=\"false\" placeholder=\"V\u00e1\u0161 email\" \/><\/span><\/p>\n<p><span class=\"wpcf7-form-control-wrap your-subject\"><input type=\"text\" name=\"your-subject\" value=\"\" size=\"22\" class=\"wpcf7-form-control wpcf7-text\" aria-invalid=\"false\" placeholder=\"P\u0159edm\u011bt\" \/><\/span><\/p>\n<p><span class=\"wpcf7-form-control-wrap your-message\"><textarea name=\"your-message\" cols=\"40\" rows=\"10\" class=\"wpcf7-form-control wpcf7-textarea\" aria-invalid=\"false\" placeholder=\"Zpr\u00e1va\"><\/textarea><\/span><\/p>\n<p><label> P\u0159\u00edloha<br \/>\n    <span class=\"wpcf7-form-control-wrap file-79\"><input type=\"file\" name=\"file-79\" size=\"40\" class=\"wpcf7-form-control wpcf7-file\" id=\"fileupload\" accept=\".jpg,.jpeg,.png,.gif,.pdf,.doc,.docx,.ppt,.pptx,.odt,.avi,.ogg,.m4a,.mov,.mp3,.mp4,.mpg,.wav,.wmv\" aria-invalid=\"false\" \/><\/span> <\/label><\/p>\n<p><input type=\"submit\" value=\"Odeslat\" class=\"wpcf7-form-control wpcf7-submit\" \/><\/p>\n<div class=\"wpcf7-response-output\" aria-hidden=\"true\"><\/div><\/form><\/div>\n","protected":false},"excerpt":{"rendered":"<p>Frostav s.r.o. kontaktn\u00ed adresa: Na Vyhl\u00eddce 2084, 263 01 Dob\u0159\u00ed\u0161 s\u00eddlo spole\u010dnosti: Dru\u017estevn\u00ed 1229\/51, 674 01 T\u0159eb\u00ed\u010d I\u010cO: 07744242 DI\u010c: CZ07744242 Pavel Roupec email: roupec@frostav.cz&hellip;<\/p>\n","protected":false},"author":1,"featured_media":0,"parent":0,"menu_order":0,"comment_status":"closed","ping_status":"closed","template":"","meta":[],"_links":{"self":[{"href":"https:\/\/frostav.cz\/index.php?rest_route=\/wp\/v2\/pages\/23"}],"collection":[{"href":"https:\/\/frostav.cz\/index.php?rest_route=\/wp\/v2\/pages"}],"about":[{"href":"https:\/\/frostav.cz\/index.php?rest_route=\/wp\/v2\/types\/page"}],"author":[{"embeddable":true,"href":"https:\/\/frostav.cz\/index.php?rest_route=\/wp\/v2\/users\/1"}],"replies":[{"embeddable":true,"href":"https:\/\/frostav.cz\/index.php?rest_route=%2Fwp%2Fv2%2Fcomments&post=23"}],"version-history":[{"count":20,"href":"https:\/\/frostav.cz\/index.php?rest_route=\/wp\/v2\/pages\/23\/revisions"}],"predecessor-version":[{"id":266,"href":"https:\/\/frostav.cz\/index.php?rest_route=\/wp\/v2\/pages\/23\/revisions\/266"}],"wp:attachment":[{"href":"https:\/\/frostav.cz\/index.php?rest_route=%2Fwp%2Fv2%2Fmedia&parent=23"}],"curies":[{"name":"wp","href":"https:\/\/api.w.org\/{rel}","templated":true}]}}